4*z. List the prime factors of 2 - n - (-1004)/4.
2, 3, 7
Suppose -33*c + 38*c = 2820. Suppose -516 = -5*b + c. What are the prime factors of b?
2, 3
Let d(j) = -11*j**3 + j**2 - j - 9. Suppose 0 = -g + 284 - 288. List the prime factors of d(g).
5, 11, 13
Suppose 0 = -2*m + 3*z - 38 + 31, m - 2*z + 4 = 0. Suppose r - 96 = -3*r. List the prime factors of ((-21)/m)/(12/r).
3, 7
List the prime factors of ((-459655)/(-4025))/((-6)/(-5) + -1).
571
Suppose -2*i + 14843 = -3*x, -7*x + 9732 = 2*i - 5081. List the prime factors of i.
7417
Let n(o) = 289*o**2 + 6*o + 271. What are the prime factors of n(-10)?
43, 677
What are the prime factors of -2 + 73/(-6*(-3)/108)?
2, 109
Let o be ((-5690)/95 - -1) + 6/(-57). Let b = 676 + o. List the prime factors of b.
617
Suppose -5*r = 120*k - 119*k - 9822, 3*r + 39196 = 4*k. List the prime factors of k.
2, 13, 29
Suppose -12*v + 15*q = -17*v + 282355, 4*v + 5*q = 225821. What are the prime factors of v?
2, 103, 137
Let w(k) = 38*k + 239. What are the prime factors of w(88)?
3583
Let i(z) = z**3 + 88*z**2 - 84*z - 833. What are the prime factors of i(-88)?
7, 937
Let u = 41 + -36. Suppose -2*q - u = -7*q. What are the prime factors of (0 + 3)*q/((-1)/(-3))?
3
Let q(w) = -960*w + 996. List the prime factors of q(-39).
2, 3, 3203
Let n(p) = -p**3 - 11*p**2 - 9*p - 22. Let w be n(-11). Suppose -2*j + w + 69 = 0. List the prime factors of 2 + (-4 - 0) + j.
71
Let m(v) = -73*v**2 - v + 3. Let s(r) = r**2 + r. Let z(i) = -m(i) + 2*s(i). List the prime factors of z(1).
3, 5
Let c = 915 + -1343. Let o = 148 - c. List the prime factors of o.
2, 3
Let o be 150/20*-2*(-4)/10. Suppose 9*p - 4038 = o*p. List the prime factors of p.
2, 673
Let n = -636 + 641. Suppose 2*l = 5*k - 3614 - 1449, 3*k - n*l - 3034 = 0. List the prime factors of k.
1013
Suppose -w + 4 = -4*q + q, -3*q = -3*w + 12. Suppose q = 5*o + 2*m - 607, 2*m = 27*o - 23*o - 500. What are the prime factors of o?
3, 41
Suppose 3*f + 61345 = 5*d, 12282 = d + 326*f - 324*f. What are the prime factors of d?
2, 13, 59
Suppose 9*k + 6 = 12*k. Suppose 26 - 6 = -2*o + 2*y, 3*y - k = -o. What are the prime factors of (1 - 16)/(6 + o)?
3, 5
Suppose 146*k + 2048 = 142*k. Let o = 860 + k. List the prime factors of o.
2, 3, 29
Let c = 81 + -36. Suppose -c*j - 11 = -44*j. What are the prime factors of j/(((-3)/2 - -2)/(-2))?
2, 11
Suppose -3*v + 30 = 2*v. Suppose -1780 = -5*t + 3*x, t - 3*x = v*t - 1780. List the prime factors of t.
2, 89
Suppose 211*z + 357*z - 197*z = 399567. List the prime factors of z.
3, 359
Let z(j) = -j**3 - 2*j**2 + 8*j - 3. Suppose -4*i = 18 - 2, -2*t + i + 36 = 0. Suppose 22*u = t*u - 42. List the prime factors of z(u).
2, 3, 31
Let x = 1532 + -855. List the prime factors of x.
677
Let i(n) = -3*n**3 + 2*n**2 - 2. Let z = 7 - -14. Suppose -4*m = -11*m - z. List the prime factors of i(m).
97
Let g be (10/16)/(13/104). Suppose 1 = -z - 3*c, -2*z - g = -3*z + 3*c. List the prime factors of 251 - ((-14)/(-7) + (2 - z)).
3, 83
Let l(s) = 2*s**2 - 11*s + 17. Let t be l(3). Suppose -4*g - t*x + 3812 = 0, -4*g = -3*x - 1045 - 2757. List the prime factors of g.
2, 7, 17
Suppose -27*u = -66 + 12. List the prime factors of ((-9)/(-6))/(-1)*(-180)/u.
3, 5
Let f(q) = 6*q**2 + 4*q - 4. Let h be f(1). Let x(b) = 3*b**3 - 4*b**2 - 23*b - 1. What are the prime factors of x(h)?
5, 73
Let d(i) = 2*i**2 + 43*i - 8. Let m be d(-22). Let y be (48/(-42))/(-4) - (-38)/m. Let j(f) = -4*f + 14. List the prime factors of j(y).
2
Let j be 4 + 0 - 1323 - (6 - 5). Let c = j - -1914. What are the prime factors of c?
2, 3, 11
Suppose 4*t = -4*x - 12, -3*x - 5 - 4 = 0. Suppose 1046 = 5*v - 7*i + 3*i, 2*v + 2*i - 404 = t. What are the prime factors of v?
2, 103
Suppose 237412 = -1040*n + 1054*n. List the prime factors of n.
2, 61, 139
Suppose -5*m - 5 = 0, -7*m + 5*m + 49982 = 4*w. What are the prime factors of w?
2, 11, 71
Suppose 21857*m + 47960 = 21862*m. What are the prime factors of m?
2, 11, 109
Let z = -185 - -184. What are the prime factors of (z/2)/((-18)/29232)?
2, 7, 29
Let a(x) = 14*x**3 + 50*x**2 - 28*x + 433. List the prime factors of a(16).
19, 3691
Suppose 0 = 2*p + 4*c - 48, -6*p + 5*c = -3*p - 127. Let d = p + -32. List the prime factors of d/(((-10)/(-97))/5).
97
Let t(k) = -7*k - 2. Let c be t(0). What are the prime factors of c/(-5) + (-12368)/(-80)?
5, 31
Let m = 47 - 44. Let n be -133 + (20/4 - m). Let d = -74 - n. List the prime factors of d.
3, 19
Let z(g) = -16*g**3 - 11*g**2 - 57*g - 21. What are the prime factors of z(-8)?
3, 19, 139
Let m(s) = 6*s**2 + 2*s + 3. Let i be m(-1). Suppose 2*h - h = i. Let n(r) = r**2 + 2*r - 9. What are the prime factors of n(h)?
2, 3
Let w(y) = -50*y**3 - 2*y**2 + 8*y - 71. What are the prime factors of w(-5)?
6089
Let a be (-1)/(-6) + (-13 - 537185/66). List the prime factors of 4/3 - a/24.
11, 31
Let y(r) = r**2 - 4*r - 1299. Let x be (16/4 - 0) + -4. Let c be y(x). List the prime factors of (-2)/(-15) - c/45.
29
Let b = -69 + 71. Let h(n) = -2*n**b + 5*n**2 + 4*n**2 - 26*n + 12 - 2*n**2. What are the prime factors of h(10)?
2, 3, 7
Let l = -6382 - -22098. What are the prime factors of l?
2, 3929
Let k = -14512 - -22602. What are the prime factors of k?
2, 5, 809
Let u = 24168 + -11577. What are the prime factors of u?
3, 1399
Let r(n) = 1666*n - 64. Let h be r(-11). List the prime factors of 38/323 + h/(-34) - -1.
2, 271
Let j(i) = i**3 - 9*i**2 - 7*i. Let s be j(8). Let w = -116 - s. Suppose -2070 = -14*n + w*n. List the prime factors of n.
3, 23
Let d(s) = -s**3 - 19*s**2 - 2*s + 45. Let h be d(-21). Let q = h - 644. List the prime factors of q.
5, 13
Let w(k) = 2365*k + 6. Let s be w(2). Suppose -258*l + 266*l - s = 0. List the prime factors of l.
2, 37
Let k(c) = 11*c + 1. Let l(y) = -5*y. Let x(b) = 6*k(b) + 15*l(b). Let q be x(-10). What are the prime factors of ((-2)/(-4))/(12/q)?
2
Let u be ((-24)/3)/(-8) - (1 - 2). What are the prime factors of (1845/18)/(1/u)?
5, 41
Let l(g) = g**3 - 16*g**2 - 333*g - 8. What are the prime factors of l(42)?
2, 5, 3187
Let z(a) = a**3 + 9*a**2 + 14*a + 67. Let l be z(-8). Suppose -l*c = -39*c + 20920. List the prime factors of c.
2, 523
Let s be 180/8 + -4 - (-2)/4. Suppose 99 - s = 4*o. Suppose 2*w + 2*a - a - 12 = 0, 0 = -2*w + a + o. What are the prime factors of w?
2
Suppose -44*d + 291 = -41*d. Suppose 3*r = d + 488. List the prime factors of r.
3, 5, 13
Suppose -4*z + 4210 = -3*s - 2375, 3*z - 4970 = -4*s. What are the prime factors of z?
2, 3, 5, 11
Let i(z) = -z**2 + 4*z - 3. Let o be i(2). Let q be 0/5 + o/((-2)/(-6)). Suppose 4*p + 6*m = m + 165, 85 = 2*p + q*m. What are the prime factors of p?
5, 7
Suppose 4*q + 6 = 3*r + 26, -3*q + 22 = -4*r. Let w be (-1)/(-4) - (0 + (-1)/r). Suppose w = -2*m + c + 52, 3*c + 35 = m + 4. What are the prime factors of m?
5
Suppose 3*d - 15 = 0, 0*p + 5*d - 31 = -2*p. Suppose -3*r + 6*w + 307 = 2*w, 0 = -5*r - p*w + 560. Let s = r - 80. List the prime factors of s.
29
Suppose 0 = -11*b - 82 + 5. Let q(a) = 2*a + 14. Let l be q(b). Suppose -3*u + u + 320 = l. What are the prime factors of u?
2, 5
Suppose 0 = -15*d + 10*d + 4590. Let z = -518 + d. List the prime factors of z.
2, 5
What are the prime factors of (38/1)/(-16 - (-114975)/7185)?
2, 19, 479
Let p(g) = 10*g - 57. Suppose 11*f - 14 + 80 = 0. Let h be 5 - (-9 + (-4 - f)). List the prime factors of p(h).
3, 7
Suppose c + 3483 = u, 4*c + 1311 - 11746 = -3*u. List the prime factors of u.
59
Suppose 768 = -2*c + 48. What are the prime factors of ((-25)/4)/((-717)/c + -2)?
2, 3, 5
Let c be (-94)/((2/6)/((-4)/6)). Let y = c - 124. What are the prime factors of y?
2
Suppose 48 = -10*d + 88. Suppose -2*r - d*j = -63 - 1413, -5*j = 4*r - 2940. List the prime factors of r.
2, 5, 73
Let w be (-55688)/48 - -3 - (-5)/30. Let c = w - -1995. What are the prime factors of c?
2, 419
Let r be 6 + (-2312)/(-5 - -7). Let p = -549 - r. List the prime factors of p.
601
Let g = 3 + 0. Suppose 5*w = g*w + 98. Suppose 45*t = w*t - 420. List the prime factors of t.
3, 5, 7
Let k = -1081 - -2668. Let q = -967 + k. What are the prime factors of q?
2, 5, 31
Let i be 12/6 - (1 - -2620)/(-1). Let b = -1753 + i. What are the prime factors of b?
2, 3, 5, 29
Let k = 102 - 102. Suppose k = -8*v + 447 + 1441. 